19). What is the highest common divisor of u and 122?
61
Suppose 85 = m - q, -5*m + 3*q - 5*q + 397 = 0. Calculate the greatest common factor of m and 15.
3
Let q(i) = i**3 + 6*i**2 + 6*i + 4. Let f be q(-5). Let s be 314/8 + f/4. What is the greatest common divisor of 351 and s?
39
Let t(p) = -3*p**3 - 10*p**2 - 62*p + 11. Let b be t(-7). Calculate the highest common divisor of b and 82.
82
Suppose -x - 3*t - 1 + 19 = 0, -5*t + 100 = 4*x. Suppose 0 = 820*i - 855*i + 700. Calculate the highest common factor of i and x.
10
Let b(h) = 2*h**3 + 12*h**2 - 3*h - 7. Let u be b(-6). Calculate the highest common divisor of 297 and u.
11
Suppose 5*o + 36 = 6. Let m be 27/(-12)*(o - -2). Suppose s - m - 8 = -i, 4*s = -i + 23. What is the greatest common factor of 6 and i?
3
Let x be 1/(-4) + 2 + (-6376)/(-32). Calculate the highest common factor of x and 268.
67
Let p(i) = -11*i - 90 + 68 + 5*i**2 + 4*i**2. Let y be p(-2). Calculate the greatest common divisor of y and 48.
12
Suppose -p + 471 = 2*p. Suppose 2*w - 39 - p = 0. What is the greatest common factor of 14 and w?
14
Let r = -42 + 63. Suppose 3*v + 12 = 7*v, 5*d = -5*v + 960. Calculate the highest common divisor of r and d.
21
Suppose -3*a + 5 = -19. Calculate the highest common divisor of a and 16.
8
Let u(o) = o - 10. Let w be u(13). Let b be (0 - w) + 4 + 20. Calculate the greatest common divisor of 3 and b.
3
Let q(b) = 14*b - 157. Let f be q(26). Calculate the highest common divisor of f and 9.
9
Let j = -338 + 868. Calculate the greatest common divisor of 10 and j.
10
Suppose -2*w + 179 = -62*j + 59*j, -5*j = -w + 86. Calculate the highest common factor of 7 and w.
7
Let j be 1 + (-269)/(-5 + 4). Let y = j - 105. What is the greatest common divisor of 33 and y?
33
Suppose -2*o - 3*o = 2*i - 66, -2*i + 62 = 4*o. Let l = 25 - i. Calculate the greatest common factor of 2 and l.
2
Suppose -28*a - 12*a = -40280. What is the greatest common divisor of 212 and a?
53
Let c be (-12)/66 - 3312/(-66). What is the highest common factor of c and 2?
2
Let v(c) = -9*c + 201. Let l be v(19). What is the highest common factor of l and 510?
30
Let h = -303 - -307. What is the highest common factor of 122 and h?
2
Let j = 398 - 378. Let h = -9 - -14. Calculate the greatest common factor of j and h.
5
Let f = 1778 - 1697. What is the highest common factor of f and 432?
27
Let x(d) = d**2 + 22*d - 141. Let r be x(6). What is the highest common divisor of r and 153?
9
Suppose -6*a + 5*t + 256 = -2*a, -2*t = -4*a + 268. What is the highest common divisor of 46 and a?
23
Let l be (-33)/5 + (-22)/55. Let s = 20 + l. Let c(x) = x**2 - 10. Let j be c(6). Calculate the highest common divisor of s and j.
13
Let g = 47 + -43. Suppose -2*h = -g*x + 56, -3*x + h + 64 = 5*h. Let m(z) = 14*z**2 + 2*z - 4. Let y be m(3). What is the highest common factor of x and y?
16
Let f(o) = -o**2 - o + 2. Let x be f(2). Let s be (-10)/(-4)*((-144)/2)/x. What is the highest common factor of s and 90?
45
Suppose -49*m = -11*m - 3230. Calculate the highest common divisor of 35 and m.
5
Let d(q) = 7*q**2. Let g be d(-2). Let p = -196 - -336. What is the highest common factor of p and g?
28
Let i be ((-45)/10)/(2/(-20)). Let c = i - -25. Suppose 4*v = v + 42. Calculate the highest common divisor of v and c.
14
Let x(n) = 11*n + 5. Let m be x(-15). Let h be m/(-24)*(0 - 12/(-10)). What is the highest common divisor of 72 and h?
8
Let n(a) = 3*a + 13*a + 3 - 5*a. Let b be n(9). Let p be 1/4 + b/8. What is the greatest common divisor of p and 78?
13
Suppose 6*w = 2*w - 24. Let c be w/(-15) + (-54)/10. Let u(v) = -4*v - 5. Let a be u(c). What is the greatest common divisor of 6 and a?
3
Suppose 0 = 11*l - 14*l + 6. Let v(u) = -u**3 + 4*u**2 - 7*u + 9. Let n be v(l). Calculate the highest common factor of n and 9.
3
Suppose -y - 7 = -3*i, 0*y + 3*y + 9 = 5*i. Suppose v - h = 20, v - y*h = -4*h + 17. Let n = 133 + -38. What is the greatest common factor of n and v?
19
Suppose -5*b + 0*s = -s - 948, 8*b - 1512 = 4*s. Calculate the greatest common factor of b and 50.
10
Suppose 40 + 82 = 2*y. Let t = 102 - y. What is the greatest common divisor of t and 164?
41
Suppose 0 = -2*d - 0*d + 12. Let j be d/(-15) - (-42)/5. Suppose 3*i - 92 = -2*y + 34, -123 = -3*i - y. What is the highest common divisor of j and i?
8
Suppose 0 = 39*p - 24*p - 3825. What is the highest common factor of p and 35?
5
Let d(y) = 2*y**2 - 19*y - 10. Let a be d(11). Calculate the highest common divisor of 161 and a.
23
Let m(c) be the third derivative of -c**4/24 - c**3/3 - 2*c**2. Let v be m(-7). Suppose -v*o = -2*o - 42. What is the greatest common factor of 28 and o?
14
Suppose 0 = -l + 4*l - 147. Suppose 3*p + 242 = i, 8*p = 3*i + 6*p - 733. What is the greatest common factor of i and l?
49
Let k be 1 - 9 - (-20 - 54). Calculate the greatest common factor of 330 and k.
66
Suppose -4*j = 275 - 787. Suppose 5*y - 200 = -0*l - 4*l, 0 = 3*y + 4*l - j. Calculate the highest common divisor of y and 12.
12
Let g(t) = -t**2 - 11*t + 1. Suppose 31 = -7*x - 39. Let v be g(x). Calculate the highest common divisor of 55 and v.
11
Suppose q + 2*q - 3*w - 84 = 0, w - 116 = -5*q. Suppose 2*p = q + 8. What is the greatest common factor of p and 128?
16
Let d be (3 - (1 + 12))/(-2). Let i be (-3 - -2)*-27 + -1. Let u = 51 - i. Calculate the greatest common divisor of u and d.
5
Let y = 7 + -5. Let z(s) be the third derivative of s**4/12 - 3*s**2. Let n be z(y). What is the greatest common divisor of 20 and n?
4
Suppose 52 = 3*w - 101. Let t be (w/6 - 2)/((-18)/(-72)). Let k(y) = 17*y - 3. Let v be k(4). Calculate the greatest common divisor of v and t.
13
Let m be 2 + 0 + 1 + -5. Let z(i) = -2*i**2 - 5*i - 6. Let k be z(m). Let f = k + 23. Calculate the greatest common factor of f and 171.
19
Suppose 3*i - 3*q - 1120 = 479, 0 = -4*i + 3*q + 2131. Calculate the highest common factor of 76 and i.
76
Let k(f) = f**2. Let d(h) = -h - 17. Let s be d(-13). Let t be k(s). What is the highest common divisor of t and 80?
16
Let i(s) = 23*s**3 + 7*s**2 + 2*s - 15. Let a be i(3). What is the highest common factor of 75 and a?
75
Suppose 2 = 4*b - 3*f - 5, -3 = -f. Let d be b + 0 - (3 + -92). Calculate the greatest common factor of d and 62.
31
Suppose -24 = -2*g + 2*u, -2*g - 3*g = 2*u - 60. Suppose g = 4*x - 2*y, y - 6 = -x - 0*x. Calculate the greatest common divisor of x and 8.
4
Let f be (-1989)/(-391) - (-2)/(-23). Calculate the greatest common divisor of f and 265.
5
Let t = 192 - 130. Suppose 2*w - 3*s = 30, 0*w - 4*w + 5*s + t = 0. Let b(k) = -k**2 - 8*k - 6. Let m be b(-5). What is the greatest common factor of m and w?
9
Let x be 2/(-4) - 1/(8/(-132)). What is the highest common factor of x and 768?
16
Suppose 5*m - 242 = -3*o + 5*o, 5*m - 3*o = 238. Suppose 0 = 2*q + 6, 4*x + q = 6*q + 95. Calculate the highest common divisor of x and m.
10
Let d = 8 + -3. Let v = -152 + 242. Suppose 3*c + 2*y = -y + 60, 3*y = 3*c - v. What is the greatest common divisor of c and d?
5
Suppose 17 = 5*b - 2*c, -4*b - c + 2 = -3*b. Suppose b*z + 11 = 2*j + 78, -5*j = 5*z - 145. What is the greatest common factor of 25 and z?
25
Let u(b) = 3*b - 1. Let l be u(3). Let w be 0 - 3 - (-8 - -2 - -1). Calculate the highest common divisor of l and w.
2
Let y = -117 + 348. Suppose -v - 6*v + y = 0. Let t = v + -13. Calculate the greatest common factor of 8 and t.
4
Let p(l) = -l**2 + 3*l + 2. Let q be p(-1). Let g(d) = -30*d - 14. Let o be g(q). What is the highest common factor of o and 46?
46
Suppose -4*w - 21 = 5*x - 239, -61 = -x + 5*w. What is the highest common factor of x and 23?
23
Let u(o) = -o + 23. Let f be u(8). Let z be (-1)/(3/(-366)) + -2. Calculate the greatest common divisor of z and f.
15
Let t = 72 + -81. Let f be ((-63)/4 + 0)*120/t. Calculate the highest common divisor of f and 21.
21
Let k(n) = 3*n**3 + 2*n**2 + 8*n - 1. Let c be k(6). Calculate the highest common factor of 59 and c.
59
Let g(c) = 32*c**2 - c + 10. Let k be g(-2). Calculate the greatest common divisor of 200 and k.
20
Let c = 2 - 1. Let s = 3 + -1. Suppose -2*y + s*a + 7 = -y, y = -2*a - 5. Calculate the greatest common divisor of c and y.
1
Let p be (-369)/(-1) + -6 + -2 + -6. What is the highest common divisor of p and 5?
